is the remainder when 27622 is divided by 1399?
1041
Calculate the remainder when 371593 is divided by 7011.
10
What is the remainder when 14800 is divided by 512?
464
Calculate the remainder when 114512 is divided by 28627.
4
Calculate the remainder when 17565 is divided by 17551.
14
What is the remainder when 156237 is divided by 90?
87
What is the remainder when 1898 is divided by 167?
61
What is the remainder when 1455 is divided by 422?
189
What is the remainder when 125635 is divided by 308?
279
What is the remainder when 137784 is divided by 74?
70
What is the remainder when 2988 is divided by 8?
4
What is the remainder when 712638 is divided by 262?
260
What is the remainder when 44266 is divided by 4?
2
Calculate the remainder when 82270 is divided by 270.
190
Calculate the remainder when 926 is divided by 143.
68
Calculate the remainder when 36067 is divided by 22.
9
Calculate the remainder when 305790 is divided by 548.
6
Calculate the remainder when 14506 is divided by 763.
9
Calculate the remainder when 305291 is divided by 513.
56
Calculate the remainder when 78775 is divided by 119.
116
Calculate the remainder when 228359 is divided by 454.
451
Calculate the remainder when 173734 is divided by 2093.
15
Calculate the remainder when 52549 is divided by 50.
49
Calculate the remainder when 71980 is divided by 200.
180
Calculate the remainder when 6475 is divided by 2109.
148
What is the remainder when 8314 is divided by 16?
10
What is the remainder when 94738 is divided by 21?
7
Calculate the remainder when 3183 is divided by 16.
15
Calculate the remainder when 78371 is divided by 298.
295
Calculate the remainder when 794163 is divided by 43.
39
What is the remainder when 9946 is divided by 904?
2
What is the remainder when 122708 is divided by 96?
20
Calculate the remainder when 1729 is divided by 220.
189
Calculate the remainder when 45154 is divided by 804.
130
What is the remainder when 3404 is divided by 13?
11
What is the remainder when 26095 is divided by 1?
0
What is the remainder when 9022 is divided by 7?
6
Calculate the remainder when 30369 is divided by 151.
18
Calculate the remainder when 1054 is divided by 548.
506
What is the remainder when 60 is divided by 51?
9
What is the remainder when 245 is divided by 30?
5
Calculate the remainder when 5020 is divided by 77.
15
Calculate the remainder when 41596 is divided by 10396.
12
What is the remainder when 95906 is divided by 4358?
30
What is the remainder when 1345391 is divided by 448460?
11
What is the remainder when 86896 is divided by 8689?
6
Calculate the remainder when 702 is divided by 558.
144
Calculate the remainder when 24331 is divided by 18.
13
What is the remainder when 470575 is divided by 642?
631
What is the remainder when 6704 is divided by 131?
23
Calculate the remainder when 2033 is divided by 489.
77
What is the remainder when 10019 is divided by 130?
9
What is the remainder when 363 is divided by 163?
37
Calculate the remainder when 262989 is divided by 65.
64
What is the remainder when 1394 is divided by 635?
124
Calculate the remainder when 23016 is divided by 11.
4
What is the remainder when 1081535 is divided by 129?
128
What is the remainder when 252617 is divided by 743?
740
What is the remainder when 11076 is divided by 10890?
186
Calculate the remainder when 240633 is divided by 41.
4
Calculate the remainder when 7320 is divided by 209.
5
Calculate the remainder when 4739 is divided by 471.
29
What is the remainder when 612 is divided by 66?
18
What is the remainder when 5920 is divided by 41?
16
What is the remainder when 70899 is divided by 144?
51
Calculate the remainder when 3353 is divided by 89.
60
What is the remainder when 9529 is divided by 3094?
247
Calculate the remainder when 15043 is divided by 1255.
1238
Calculate the remainder when 18094 is divided by 73.
63
Calculate the remainder when 12843 is divided by 399.
75
Calculate the remainder when 19470 is divided by 46.
12
What is the remainder when 15033 is divided by 295?
283
Calculate the remainder when 6013 is divided by 34.
29
What is the remainder when 171504 is divided by 85722?
60
Calculate the remainder when 4522 is divided by 93.
58
What is the remainder when 840 is divided by 286?
268
Calculate the remainder when 6910 is divided by 120.
70
What is the remainder when 142012 is divided by 47332?
16
Calculate the remainder when 1155 is divided by 22.
11
Calculate the remainder when 337617 is divided by 125.
117
Calculate the remainder when 242943 is divided by 27.
24
Calculate the remainder when 5588 is divided by 498.
110
What is the remainder when 936 is divided by 57?
24
What is the remainder when 1988 is divided by 73?
17
What is the remainder when 1034 is divided by 260?
254
Calculate the remainder when 4118455 is divided by 557.
554
What is the remainder when 21388 is divided by 46?
44
What is the remainder when 71102 is divided by 21?
17
What is the remainder when 1781 is divided by 23?
10
Calculate the remainder when 28585 is divided by 48.
25
What is the remainder when 1125 is divided by 278?
13
What is the remainder when 29004 is divided by 145?
4
What is the remainder when 89998 is divided by 13?
12
Calculate the remainder when 2294072 is divided by 764688.
8
Calculate the remainder when 10772 is divided by 26.
8
What is the remainder when 1269 is divided by 447?
375
What is the remainder when 176110 is divided by 44025?
10
What is the remainder when 47203 is divided by 84?
79
What is the remainder when 686839 is divided by 40?
39
Calculate the remainder when 41250 is divided by 83.
82
What is the remainder when 3886 is divided by 3882?
4
Calculate the remainder when 9597 is divided by 1095.
837
What is the remainder when 582 is divided by 276?
30
What is the remainder when 72963 is divided by 14?
9
Calculate the remainder when 180846 is divided by 48.
30
Calculate the remainder when 676202 is divided by 1023.
1022
Calculate the remainder when 1059 is divided by 315.
114
What is the remainder when 2322 is divided by 53?
43
Calculate the remainder when 24180 is divided by 12041.
98
Calculate the remainder when 626598 is divided by 313273.
52
What is the remainder when 3306 is divided by 411?
18
Calculate the remainder when 12429 is divided by 1030.
69
What is the remainder when 90169 is divided by 835?
824
Calculate the remainder when 19595 is divided by 332.
7
Calculate the remainder when 13832 is divided by 4608.
8
Calculate the remainder when 48400 is divided by 16133.
1
What is the remainder when 65941 is divided by 121?
117
What is the remainder when 66639 is divided by 49?
48
What is the remainder when 5024 is divided by 991?
69
What is the remainder when 716942 is divided by 26?
18
Calculate the remainder when 7842 is divided by 7810.
32
What is the remainder when 4319 is divided by 1050?
119
What is the remainder when 413646 is divided by 25?
21
What is the remainder when 5239549 is divided by 128?
125
Calculate the remainder when 4234 is divided by 7.
6
What is the remainder when 26452 is divided by 13?
10
What is the remainder when 9621 is divided by 9590?
31
Calculate the remainder when 66009 is divided by 251.
247
What is the remainder when 220694 is divided by 297?
23
What is the remainder when 831562 is divided by 28?
18
What is the remainder when 147722 is divided by 427?
407
Calculate the remainder when 27234 is divided by 5442.
24
What is the remainder when 33487 is divided by 28?
27
Calculate the remainder when 3730 is divided by 113.
1
What is the remainder when 5263 is divided by 56?
55
What is the remainder when 66100 is divided by 575?
550
What is the remainder when 77130 is divided by 12?
6
Calculate the remainder when 10426 is divided by 69.
7
What is the remainder when 4134 is divided by 311?
91
Calculate the remainder when 1491 is divided by 40.
11
What is the remainder when 65169 is divided by 192?
81
Calculate the remainder when 3049 is divided by 2947.
102
Calculate the remainder when 480623 is divided by 81.
50
What is the remainder when 203875 is divided by 81?
79
Calculate the remainder when 14640 is divided by 14468.
172
What is the remainder when 6517891 is divided by 56?
51
Calculate the remainder when 209483 is divided by 19